{"id":5620,"date":"2023-12-11T15:32:56","date_gmt":"2023-12-11T18:32:56","guid":{"rendered":"https:\/\/www.colegioaltamira.com.ar\/sitio\/wp-content\/uploads\/2023\/12\/Grupo-naturales-editado.jpg"},"modified":"2023-12-14T14:47:48","modified_gmt":"2023-12-14T17:47:48","slug":"grupo-naturales-editado","status":"inherit","type":"attachment","link":"https:\/\/www.colegioaltamira.com.ar\/sitio\/nuestros-egresados\/grupo-naturales-editado\/#main","title":{"rendered":"Grupo-naturales-editado"},"author":1434,"comment_status":"open","ping_status":"closed","template":"","meta":[],"acf":[],"description":{"rendered":"<p class=\"attachment\"><a href='https:\/\/www.colegioaltamira.com.ar\/sitio\/wp-content\/uploads\/2023\/12\/Grupo-naturales-editado.jpg'><img width=\"1000\" height=\"750\" src=\"https:\/\/www.colegioaltamira.com.ar\/sitio\/wp-content\/uploads\/2023\/12\/Grupo-naturales-editado-1000x750.jpg\" class=\"attachment-medium size-medium\" alt=\"\" decoding=\"async\" loading=\"lazy\" srcset=\"https:\/\/www.colegioaltamira.com.ar\/sitio\/wp-content\/uploads\/2023\/12\/Grupo-naturales-editado-1000x750.jpg 1000w, https:\/\/www.colegioaltamira.com.ar\/sitio\/wp-content\/uploads\/2023\/12\/Grupo-naturales-editado-768x576.jpg 768w, https:\/\/www.colegioaltamira.com.ar\/sitio\/wp-content\/uploads\/2023\/12\/Grupo-naturales-editado.jpg 1121w\" sizes=\"(max-width: 1000px) 100vw, 1000px\" \/><\/a><\/p>\n<p>Nicol\u00e1s Rodriguez Petersen, Leonel Gavilan, Matiana Kautz, Bernardina Beguiristain, Franco Cattini, Martina H\u00f6bich, Chetelein Facundo, Lucia Rossi, Francisco Nielsen Arano, Clara Cardenau, Agust\u00edn Castresana, Agust\u00edn Rial Thomas<br \/>\nJuliana Rossi, Helena Becerra, Tiara Bejino, Maria Paz Ramallo, Tiara Herlache, Constanza Rojas, Milena Juska, Guadalupe Merlo, Catalina Vallota<br \/>\nTom\u00e1s Chetelein, Federico Fredes, Felipe De La Canal, Mateo Torrecillas, Faustino Dones, Julian Tabares, Agust\u00edn Fernandez<\/p>\n"},"caption":{"rendered":"<p>Nicol\u00e1s Rodriguez Petersen, Leonel Gavilan, Matiana Kautz, Bernardina Beguiristain, Franco Cattini, Martina H\u00f6bich, Chetelein Facundo, Lucia Rossi, Francisco Nielsen Arano, Clara Cardenau, Agust\u00edn Castresana, Agust\u00edn Rial Thomas Juliana Rossi, Helena Becerra, Tiara Bejino, Maria Paz Ramallo, Tiara Herlache, Constanza Rojas, Milena Juska, Guadalupe Merlo, Catalina Vallota Tom\u00e1s Chetelein, Federico Fredes, Felipe De La Canal, Mateo &#8230; <a title=\"Grupo-naturales-editado\" class=\"read-more\" href=\"https:\/\/www.colegioaltamira.com.ar\/sitio\/nuestros-egresados\/grupo-naturales-editado\/#main\" aria-label=\"More on Grupo-naturales-editado\">[+]<\/a><\/p>\n"},"alt_text":"","media_type":"image","mime_type":"image\/jpeg","media_details":{"width":1121,"height":841,"file":"2023\/12\/Grupo-naturales-editado.jpg","filesize":588850,"sizes":{"medium":{"file":"Grupo-naturales-editado-1000x750.jpg","width":1000,"height":750,"filesize":237532,"mime_type":"image\/jpeg","source_url":"https:\/\/www.colegioaltamira.com.ar\/sitio\/wp-content\/uploads\/2023\/12\/Grupo-naturales-editado-1000x750.jpg"},"thumbnail":{"file":"Grupo-naturales-editado-500x500.jpg","width":500,"height":500,"filesize":98949,"mime_type":"image\/jpeg","source_url":"https:\/\/www.colegioaltamira.com.ar\/sitio\/wp-content\/uploads\/2023\/12\/Grupo-naturales-editado-500x500.jpg"},"medium_large":{"file":"Grupo-naturales-editado-768x576.jpg","width":768,"height":576,"filesize":153652,"mime_type":"image\/jpeg","source_url":"https:\/\/www.colegioaltamira.com.ar\/sitio\/wp-content\/uploads\/2023\/12\/Grupo-naturales-editado-768x576.jpg"},"full":{"file":"Grupo-naturales-editado.jpg","width":1121,"height":841,"mime_type":"image\/jpeg","source_url":"https:\/\/www.colegioaltamira.com.ar\/sitio\/wp-content\/uploads\/2023\/12\/Grupo-naturales-editado.jpg"}},"image_meta":{"aperture":"4","credit":"","camera":"DMC-FZ60","caption":"","created_timestamp":"1700652328","copyright":"","focal_length":"6.1","iso":"100","shutter_speed":"0.005","title":"","orientation":"1","keywords":[]}},"post":1078,"source_url":"https:\/\/www.colegioaltamira.com.ar\/sitio\/wp-content\/uploads\/2023\/12\/Grupo-naturales-editado.jpg","_links":{"self":[{"href":"https:\/\/www.colegioaltamira.com.ar\/sitio\/wp-json\/wp\/v2\/media\/5620"}],"collection":[{"href":"https:\/\/www.colegioaltamira.com.ar\/sitio\/wp-json\/wp\/v2\/media"}],"about":[{"href":"https:\/\/www.colegioaltamira.com.ar\/sitio\/wp-json\/wp\/v2\/types\/attachment"}],"author":[{"embeddable":true,"href":"https:\/\/www.colegioaltamira.com.ar\/sitio\/wp-json\/wp\/v2\/users\/1434"}],"replies":[{"embeddable":true,"href":"https:\/\/www.colegioaltamira.com.ar\/sitio\/wp-json\/wp\/v2\/comments?post=5620"}]}}

<p class="attachment"><a href='https://www.colegioaltamira.com.ar/sitio/wp-content/uploads/2023/12/Grupo-naturales-editado.jpg'><img width="1000" height="750" src="https://www.colegioaltamira.com.ar/sitio/wp-content/uploads/2023/12/Grupo-naturales-editado-1000x750.jpg" class="attachment-medium size-medium" alt="" decoding="async" loading="lazy" srcset="https://www.colegioaltamira.com.ar/sitio/wp-content/uploads/2023/12/Grupo-naturales-editado-1000x750.jpg 1000w, https://www.colegioaltamira.com.ar/sitio/wp-content/uploads/2023/12/Grupo-naturales-editado-768x576.jpg 768w, https://www.colegioaltamira.com.ar/sitio/wp-content/uploads/2023/12/Grupo-naturales-editado.jpg 1121w" sizes="(max-width: 1000px) 100vw, 1000px" /></a></p>
<p>Nicolás Rodriguez Petersen, Leonel Gavilan, Matiana Kautz, Bernardina Beguiristain, Franco Cattini, Martina Höbich, Chetelein Facundo, Lucia Rossi, Francisco Nielsen Arano, Clara Cardenau, Agustín Castresana, Agustín Rial Thomas<br />
Juliana Rossi, Helena Becerra, Tiara Bejino, Maria Paz Ramallo, Tiara Herlache, Constanza Rojas, Milena Juska, Guadalupe Merlo, Catalina Vallota<br />
Tomás Chetelein, Federico Fredes, Felipe De La Canal, Mateo Torrecillas, Faustino Dones, Julian Tabares, Agustín Fernandez</p>

<p>Nicolás Rodriguez Petersen, Leonel Gavilan, Matiana Kautz, Bernardina Beguiristain, Franco Cattini, Martina Höbich, Chetelein Facundo, Lucia Rossi, Francisco Nielsen Arano, Clara Cardenau, Agustín Castresana, Agustín Rial Thomas Juliana Rossi, Helena Becerra, Tiara Bejino, Maria Paz Ramallo, Tiara Herlache, Constanza Rojas, Milena Juska, Guadalupe Merlo, Catalina Vallota Tomás Chetelein, Federico Fredes, Felipe De La Canal, Mateo &#8230; <a title="Grupo-naturales-editado" class="read-more" href="https://www.colegioaltamira.com.ar/sitio/nuestros-egresados/grupo-naturales-editado/#main" aria-label="More on Grupo-naturales-editado">[+]</a></p>
